{"id":168,"date":"2015-02-16T17:45:53","date_gmt":"2015-02-16T16:45:53","guid":{"rendered":"http:\/\/www.ra-goebel.at\/?page_id=168"},"modified":"2015-02-16T17:46:33","modified_gmt":"2015-02-16T16:46:33","slug":"erbrecht","status":"publish","type":"page","link":"https:\/\/www.goebel-kolar.at\/?page_id=168","title":{"rendered":"Erbrecht"},"content":{"rendered":"<p>Sie wollen gezielt vererben oder kosteng\u00fcnstig schon zu Lebzeiten Ihre Verm\u00f6gensnachfolge regeln? Wir beraten Sie gerne und errichten die geeigneten Dokumente, Verf\u00fcgungen \u00a0und Vertr\u00e4ge. Sie haben Probleme im Zusammenhang mit einer Verlassenschaft? Wir verhelfen Ihnen gerne zu Ihrem Recht!<\/p>\n","protected":false},"excerpt":{"rendered":"<p>Sie wollen gezielt vererben oder kosteng\u00fcnstig schon zu Lebzeiten Ihre Verm\u00f6gensnachfolge regeln? Wir beraten Sie gerne und errichten die geeigneten Dokumente, Verf\u00fcgungen \u00a0und Vertr\u00e4ge. Sie haben Probleme im Zusammenhang mit einer Verlassenschaft? Wir verhelfen Ihnen gerne zu Ihrem Recht!<\/p>\n","protected":false},"author":1,"featured_media":0,"parent":57,"menu_order":0,"comment_status":"closed","ping_status":"closed","template":"","meta":{"_monsterinsights_skip_tracking":false,"_monsterinsights_sitenote_active":false,"_monsterinsights_sitenote_note":"","_monsterinsights_sitenote_category":0,"footnotes":""},"class_list":["post-168","page","type-page","status-publish","hentry"],"_links":{"self":[{"href":"https:\/\/www.goebel-kolar.at\/index.php?rest_route=\/wp\/v2\/pages\/168","targetHints":{"allow":["GET"]}}],"collection":[{"href":"https:\/\/www.goebel-kolar.at\/index.php?rest_route=\/wp\/v2\/pages"}],"about":[{"href":"https:\/\/www.goebel-kolar.at\/index.php?rest_route=\/wp\/v2\/types\/page"}],"author":[{"embeddable":true,"href":"https:\/\/www.goebel-kolar.at\/index.php?rest_route=\/wp\/v2\/users\/1"}],"replies":[{"embeddable":true,"href":"https:\/\/www.goebel-kolar.at\/index.php?rest_route=%2Fwp%2Fv2%2Fcomments&post=168"}],"version-history":[{"count":1,"href":"https:\/\/www.goebel-kolar.at\/index.php?rest_route=\/wp\/v2\/pages\/168\/revisions"}],"predecessor-version":[{"id":169,"href":"https:\/\/www.goebel-kolar.at\/index.php?rest_route=\/wp\/v2\/pages\/168\/revisions\/169"}],"up":[{"embeddable":true,"href":"https:\/\/www.goebel-kolar.at\/index.php?rest_route=\/wp\/v2\/pages\/57"}],"wp:attachment":[{"href":"https:\/\/www.goebel-kolar.at\/index.php?rest_route=%2Fwp%2Fv2%2Fmedia&parent=168"}],"curies":[{"name":"wp","href":"https:\/\/api.w.org\/{rel}","templated":true}]}}